12553, 104059
What are the prime factors of 172785497?
172785497
List the prime factors of 96842740.
2, 5, 83, 227, 257
What are the prime factors of 79848586?
2, 39924293
List the prime factors of 1590306582.
2, 3, 17, 29, 43, 12503
List the prime factors of 812694172.
2, 79, 157, 16381
What are the prime factors of 3819515747?
97, 3767, 10453
What are the prime factors of 732878559?
3, 7, 11632993
List the prime factors of 1671131496.
2, 3, 29, 151, 15901
List the prime factors of 83880577.
11, 73, 104459
List the prime factors of 261648258.
2, 3, 17, 1567, 1637
List the prime factors of 74979283.
41, 1828763
List the prime factors of 3147458701.
3147458701
What are the prime factors of 181476491?
7, 25925213
What are the prime factors of 540611940?
2, 3, 5, 11, 19, 2269
What are the prime factors of 44063437?
11, 4005767
What are the prime factors of 401749785?
3, 5, 2819, 3167
List the prime factors of 5002054291.
13, 384773407
What are the prime factors of 64986361?
11, 29, 137, 1487
What are the prime factors of 955122642?
2, 3, 439, 120871
What are the prime factors of 219259514?
2, 967, 113371
List the prime factors of 1516021.
13, 277, 421
What are the prime factors of 75687478?
2, 37843739
What are the prime factors of 35379836?
2, 1973, 4483
What are the prime factors of 299053932?
2, 3, 24921161
List the prime factors of 256142145.
3, 5, 7, 17, 23, 367
What are the prime factors of 35405480?
2, 5, 11, 67, 1201
List the prime factors of 466503121.
7, 66643303
List the prime factors of 90278778.
2, 3, 15046463
What are the prime factors of 3724837487?
7, 883, 602627
What are the prime factors of 65904361?
23, 157, 18251
List the prime factors of 1756521539.
8311, 211349
What are the prime factors of 1075598196?
2, 3, 31, 47, 61519
What are the prime factors of 450722419?
7, 37, 1740241
List the prime factors of 29939775.
3, 5, 399197
What are the prime factors of 122776449?
3, 2339, 17497
What are the prime factors of 28254559?
673, 41983
What are the prime factors of 57201765?
3, 5, 41, 281, 331
What are the prime factors of 812232183?
3, 7, 127, 139, 313
What are the prime factors of 593380081?
7, 84768583
List the prime factors of 331434332.
2, 509, 162787
List the prime factors of 123142075.
5, 7, 31, 22699
What are the prime factors of 2041888327?
37, 55186171
List the prime factors of 41750316.
2, 3, 42953
List the prime factors of 290045441.
7, 181, 228923
List the prime factors of 1302991941.
3, 434330647
What are the prime factors of 1314362218?
2, 13, 50552393
List the prime factors of 134652646.
2, 67326323
List the prime factors of 145921139.
7, 13, 1603529
What are the prime factors of 468430410?
2, 3, 5, 7, 17, 131213
What are the prime factors of 92893272?
2, 3, 491, 7883
What are the prime factors of 608579530?
2, 5, 13, 139, 33679
List the prime factors of 1238963104.
2, 103, 375899
What are the prime factors of 104323854?
2, 3, 17387309
List the prime factors of 551407788.
2, 3, 31, 494093
List the prime factors of 5412864890.
2, 5, 61, 8873549
List the prime factors of 1269445063.
17, 101, 227, 3257
What are the prime factors of 1042319042?
2, 1931, 269891
What are the prime factors of 151347407?
19, 7965653
List the prime factors of 959537416.
2, 1877, 63901
List the prime factors of 42554053.
19, 2239687
List the prime factors of 457009478.
2, 228504739
List the prime factors of 4960257.
3, 37, 44687
List the prime factors of 212037197.
212037197
What are the prime factors of 3138695026?
2, 1569347513
List the prime factors of 357306040.
2, 5, 7, 13, 37, 379
What are the prime factors of 99838429?
4643, 21503
What are the prime factors of 2283958527?
3, 761319509
List the prime factors of 3656337523.
19, 192438817
What are the prime factors of 2782488674?
2, 7, 198749191
What are the prime factors of 87948987?
3, 7, 23, 182089
List the prime factors of 2021574492.
2, 3, 7, 8022121
What are the prime factors of 265530165?
3, 5, 89, 198899
What are the prime factors of 415828721?
7, 11, 17, 28879
What are the prime factors of 392930518?
2, 31, 6337589
List the prime factors of 1929702562.
2, 964851281
What are the prime factors of 22883877?
3, 47, 6011
What are the prime factors of 63206390?
2, 5, 13, 486203
What are the prime factors of 4863963668?
2, 1215990917
List the prime factors of 136870.
2, 5, 13687
What are the prime factors of 2592853254?
2, 3, 1229, 1447
List the prime factors of 1005282404.
2, 7, 35902943
What are the prime factors of 37346811?
3, 47, 264871
List the prime factors of 74509320.
2, 3, 5, 620911
List the prime factors of 868020475.
5, 7, 4960117
What are the prime factors of 680845131?
3, 75649459
List the prime factors of 181341662.
2, 19, 37, 101, 1277
What are the prime factors of 1806388077?
3, 13, 46317643
What are the prime factors of 1494353578?
2, 747176789
What are the prime factors of 513648310?
2, 5, 7, 1097, 6689
List the prime factors of 630867379.
2381, 264959
What are the prime factors of 16349241?
3, 71, 76757
What are the prime factors of 84166850?
2, 5, 41, 41057
List the prime factors of 91176151.
11, 17, 61, 7993
List the prime factors of 86317438.
2, 43158719
List the prime factors of 95910866.
2, 47955433
What are the prime factors of 136448840?
2, 5, 11, 310111
What are the prime factors of 106334530?
2, 5, 89, 157, 761
List the prime factors of 6040738340.
2, 5, 7, 13, 83, 39989
What are the prime factors of 27631714?
2, 11, 43, 29209
What are the prime factors of 126188223?
3, 7, 617, 9739
List the prime factors of 5855373222.
2, 3, 19, 51362923
What are the prime factors of 603876171?
3, 13249, 15193
What are the prime factors of 102035096?
2, 103, 123829
List the prime factors of 1135868941.
139, 2357, 3467
List the prime factors of 572030006.
2, 379, 461, 1637
What are the prime factors of 93566354?
2, 7, 29, 317, 727
List the prime factors of 2945937358.
2, 7, 13, 1245113
What are the prime factors of 156241532?
2, 43, 908381
What are the prime factors of 8126870?
2, 5, 19, 42773
What are the prime factors of 1798060906?
2, 103, 1291, 6761
List the prime factors of 1836200574.
2, 3, 13, 7847011
List the prime factors of 177768470.
2, 5, 11, 1616077
List the prime factors of 135238284.
2, 3, 3756619
List the prime factors of 62374492.
2, 19, 97, 8461
List the prime factors of 97124854.
2, 163, 229, 1301
What are the prime factors of 326419499?
7, 17, 911, 3011
What are the prime factors of 3752760005?
5, 750552001
List the prime factors of 854752492.
2, 11, 293, 66301
List the prime factors of 582036147.
3, 7, 11, 839879
List the prime factors of 941067049.
13, 72389773
What are the prime factors of 471199535?
5, 31, 3039997
What are the prime factors of 2234942077?
17, 131467181
List the prime factors of 220855374.
2, 3, 199, 61657
What are the prime factors of 1021551008?
2, 239, 133571
List the prime factors of 86659885.
5, 13, 83, 16063
What are the prime factors of 356368726?
2, 7, 25454909
What are the prime factors of 602847530?
2, 5, 43, 1401971
List the prime factors of 92960173.
92960173
What are the prime factors of 3246644521?
47, 69077543
What are the prime factors of 31196031?
3, 10398677
List the prime factors of 25796124.
2, 3, 238853
What are the prime factors of 59595255?
3, 5, 107, 12377
What are the prime factors of 98901424?
2, 103, 60013
What are the prime factors of 1682660376?
2, 3, 23370283
What are the prime factors of 372428116?
2, 179, 520151
What are the prime factors of 10811004?
2, 3, 900917
List the prime factors of 66712501.
6829, 9769
List the prime factors of 5836189434.
2, 3, 972698239
What are the prime factors of 5064767822?
2, 1097, 2308463
What are the prime factors of 1888233383?
1291, 1462613
List the prime factors of 3493090044.
2, 3, 31, 59, 53051
What are the prime factors of 653327796?
2, 3, 11, 37, 133769
What are the prime factors of 1281533079?
3, 61, 643, 10891
List the prime factors of 199309858.
2, 11, 23, 67, 5879
List the prime factors of 576639866.
2, 11, 31, 109, 7757
List the prime factors of 52205138.
2, 103, 253423
What are the prime factors of 69949241?
19, 53, 69463
List the prime factors of 1464976296.
2, 3, 7, 29, 113, 887
What are the prime factors of 1075425739?
811, 1326049
List the prime fa